{"id":762,"date":"2018-08-31T17:19:17","date_gmt":"2018-08-31T20:19:17","guid":{"rendered":"https:\/\/iesalc-tuc.infd.edu.ar\/sitio\/historia\/"},"modified":"2025-02-14T10:56:03","modified_gmt":"2025-02-14T13:56:03","slug":"historia","status":"publish","type":"page","link":"https:\/\/iesalc-tuc.infd.edu.ar\/sitio\/historia\/","title":{"rendered":"Historia"},"content":{"rendered":"<p><span style=\"color: #000080;\">EL INSTITUTO DE ENSE\u00d1ANZA SUPERIOR \u201cLA COCHA<strong>\u201d<\/strong> fue creado\u00a0\u00a0 por <strong>Ley\u00a0\u00a0 N\u00b0 7.296<\/strong>, en el a\u00f1o 1989.\u00a0 El 04 de septiembre cumplir\u00e1 35 a\u00f1os de trayectoria formando profesionales del campo de la educaci\u00f3n y T\u00e9cnicos Superiores.<\/span><\/p>\n<p><span style=\"color: #000080;\"><strong>Actualmente <\/strong>posee la oferta de:\u00a0<\/span><\/p>\n<ul>\n<li><span style=\"color: #000080;\">\u00a0 \u00a0 \u00a0 \u00a0 \u00a0 \u00a0PROFESORADO PARA LA EDUCACI\u00d3N SECUNDARIA EN HISTORIA<\/span><\/li>\n<li><span style=\"color: #000080;\">\u00a0 \u00a0 \u00a0 \u00a0 \u00a0 \u00a0PROFESORADO PARA LA EDUCACI\u00d3N SECUNDARIA EN MATEMATICA<\/span><\/li>\n<li><span style=\"color: #000080;\">\u00a0 \u00a0 \u00a0 \u00a0 \u00a0 \u00a0TECNICATURA SUPERIOR EN GESTI\u00d3N DE LA PRODUCCI\u00d3N AGROPECUARIA <\/span><\/li>\n<li><span style=\"color: #000080;\">\u00a0 \u00a0 \u00a0 \u00a0 \u00a0 \u00a0TECNICATURA SUPERIOR EN AGROINDUSTRIA DE LOS ALIMENTOS <\/span><\/li>\n<li><span style=\"color: #000080;\">\u00a0 \u00a0 \u00a0 \u00a0 \u00a0 \u00a0TECNICATURA SUPERIOR EN DESARROLLO DE SOFTWARE (SEDE JUAN B. ALBERDI)<\/span><\/li>\n<\/ul>\n<p><span style=\"color: #000080;\">\u00a0 \u00a0 \u00a0 \u00a0 \u00a0 \u00a0 En el instituto se trabaja sobre los pilares principales de:\u00a0<strong>\u00a0CORTESIA, PROFESIONALISMO, RESPETO y SOLIDARIDAD <\/strong>los cuales\u00a0rigen la estructura de gesti\u00f3n del IES La Cocha, guiando\u00a0 a sus actores docentes y estudiantes en una organizaci\u00f3n inclusiva, equitativa, plural y democr\u00e1tica.<\/span><\/p>\n<p><span style=\"color: #000080;\"><strong>\u00a0 \u00a0 \u00a0 \u00a0 \u00a0 \u00a0 \u00a0El IES \u201cLA COCHA\u201d posee:<\/strong><\/span><\/p>\n<p><span style=\"color: #000080;\"> <strong>\u00a0 \u00a0 \u00a0 \u00a0 \u00a0 \u00a0 \u00a0 \u00a0 \u00a0 \u00a0 \u00a0-Radio FM 89.1<\/strong> <strong>&#8211;<\/strong><\/span><\/p>\n<p><span style=\"color: #000080;\"><strong>\u00a0 \u00a0 \u00a0 \u00a0 \u00a0 \u00a0 \u00a0 \u00a0 \u00a0 \u00a0 \u00a0 Programa de Responsabilidad<\/strong> <strong>Social Educativa<\/strong>, donde se desarrollan capacidades vinculadas a la solidaridad y a la mejora permanente del edificio escolar<strong>&#8211;<\/strong><\/span><\/p>\n<p><span style=\"color: #000080;\"><strong>\u00a0 \u00a0 \u00a0 \u00a0 \u00a0 \u00a0 \u00a0 \u00a0 \u00a0 \u00a0 \u00a0 &#8211;<\/strong> <strong>Programas de acompa\u00f1amiento<\/strong> <strong>a la trayectoria formativa<\/strong> <strong>&#8211;<\/strong><\/span><\/p>\n<p><span style=\"color: #000080;\"><strong>\u00a0 \u00a0 \u00a0 \u00a0 \u00a0 \u00a0 \u00a0 \u00a0 \u00a0 \u00a0 \u00a0 \u00a0-Plan de trabajo institucional<\/strong> que incluyen innovaciones acad\u00e9micas-<\/span><\/p>\n<p><span style=\"color: #000080;\"> <strong>\u00a0 \u00a0 \u00a0 \u00a0 \u00a0 \u00a0 \u00a0 \u00a0 \u00a0 \u00a0 \u00a0 \u00a0 Programa de Becas<\/strong> Progresar y Becas de Est\u00edmulos Docentes.<\/span><\/p>\n<p><span style=\"color: #000080;\">\u00a0 \u00a0 \u00a0 \u00a0 \u00a0 \u00a0 \u00a0 \u00a0 Los alumnos de la <strong>Tecnicatura en Gesti\u00f3n de la Producci\u00f3n Agropecuaria<\/strong> se entrenan en el campo de la <strong>Pr\u00e1cticas Profesionalizantes<\/strong>, en entornos formativos de autogesti\u00f3n, realizan visitas, cursos, pasant\u00edas y pr\u00e1cticas profesionalizantes en organizaciones gubernamentales y no gubernamentales para formarse como l\u00edderes y promotores de la gesti\u00f3n agropecuaria.<\/span><\/p>\n<p><span style=\"color: #000080;\">\u00a0 \u00a0 \u00a0 \u00a0 \u00a0 \u00a0 \u00a0 \u00a0El IES \u201cLa Cocha\u201d posee una planta actual\u00a0 de 56 Profesores, dos preceptores, 1 bibliotecario, 1 personal Auxiliar de Servicio y\u00a0\u00a0 <strong>670\u00a0\u00a0 Alumnos, <\/strong>provenientes del Departamento La Cocha, Alberdi, Graneros, Concepci\u00f3n, Lamadrid, Rumi Punco y de la vecina provincia de Catamarca.\u00a0 <strong>Siendo su Directora Ani Vizgarra-\u00a0 Secretario Roque Pedro Antonio L\u00f3pez y Coordinadores de Carrera Nicol\u00e1s Adolfo Barrientos y Mar\u00eda Bel\u00e9n Lucero. <\/strong><\/span><\/p>\n","protected":false},"excerpt":{"rendered":"<p>EL INSTITUTO DE ENSE\u00d1ANZA SUPERIOR \u201cLA COCHA\u201d fue creado\u00a0\u00a0 por Ley\u00a0\u00a0 N\u00b0 7.296, en el a\u00f1o 1989.\u00a0 El 04 de septiembre cumplir\u00e1 35 a\u00f1os de trayectoria formando profesionales del campo de la educaci\u00f3n y T\u00e9cnicos Superiores. Actualmente posee la oferta de:\u00a0 \u00a0 \u00a0 \u00a0 \u00a0 \u00a0 \u00a0PROFESORADO PARA LA EDUCACI\u00d3N SECUNDARIA EN HISTORIA \u00a0 \u00a0 &#8230; <a title=\"Historia\" class=\"read-more\" href=\"https:\/\/iesalc-tuc.infd.edu.ar\/sitio\/historia\/\" aria-label=\"More on Historia\">[+]<\/a><\/p>\n","protected":false},"author":150,"featured_media":0,"parent":0,"menu_order":0,"comment_status":"closed","ping_status":"closed","template":"","meta":[],"acf":[],"_links":{"self":[{"href":"https:\/\/iesalc-tuc.infd.edu.ar\/sitio\/wp-json\/wp\/v2\/pages\/762"}],"collection":[{"href":"https:\/\/iesalc-tuc.infd.edu.ar\/sitio\/wp-json\/wp\/v2\/pages"}],"about":[{"href":"https:\/\/iesalc-tuc.infd.edu.ar\/sitio\/wp-json\/wp\/v2\/types\/page"}],"author":[{"embeddable":true,"href":"https:\/\/iesalc-tuc.infd.edu.ar\/sitio\/wp-json\/wp\/v2\/users\/150"}],"replies":[{"embeddable":true,"href":"https:\/\/iesalc-tuc.infd.edu.ar\/sitio\/wp-json\/wp\/v2\/comments?post=762"}],"version-history":[{"count":5,"href":"https:\/\/iesalc-tuc.infd.edu.ar\/sitio\/wp-json\/wp\/v2\/pages\/762\/revisions"}],"predecessor-version":[{"id":1042,"href":"https:\/\/iesalc-tuc.infd.edu.ar\/sitio\/wp-json\/wp\/v2\/pages\/762\/revisions\/1042"}],"wp:attachment":[{"href":"https:\/\/iesalc-tuc.infd.edu.ar\/sitio\/wp-json\/wp\/v2\/media?parent=762"}],"curies":[{"name":"wp","href":"https:\/\/api.w.org\/{rel}","templated":true}]}}